{"id":822,"date":"2026-02-04T15:32:04","date_gmt":"2026-02-04T20:32:04","guid":{"rendered":"https:\/\/disar-ec.com\/?post_type=product&#038;p=822"},"modified":"2026-02-04T15:32:04","modified_gmt":"2026-02-04T20:32:04","slug":"consola-italy-audio-10-canales","status":"publish","type":"product","link":"https:\/\/disar-ec.com\/index.php\/producto\/consola-italy-audio-10-canales\/","title":{"rendered":"CONSOLA ITALY AUDIO 10 CANALES"},"content":{"rendered":"<p>Cuenta con 10 canales, lo que permite conectar varios micr\u00f3fonos e instrumentos simult\u00e1neamente, ideal para bandas y eventos en vivo.<br \/>\nBluetooth y USB: Incluye conectividad Bluetooth y puertos USB, facilitando la reproducci\u00f3n de<br \/>\nm\u00fasica vdesde dispositivos m\u00f3viles y memorias USB.<br \/>\nViene con 16 efectos digitales de sonido, como reverb y delay, que mejoran la calidad del audio<br \/>\nen presentaciones en vivo.<br \/>\nTiene una interfaz integrada para conectarse a computadoras, lo que permite grabar y editar<br \/>\naudio directamente desde la consola.<\/p>\n","protected":false},"excerpt":{"rendered":"<p>Cuenta con 10 canales, lo que permite conectar varios micr\u00f3fonos e instrumentos simult\u00e1neamente, ideal para bandas y eventos en vivo. Bluetooth y USB: Incluye conectividad Bluetooth y puertos USB, facilitando la reproducci\u00f3n de m\u00fasica vdesde dispositivos m\u00f3viles y memorias USB. Viene con 16 efectos digitales de sonido, como reverb y delay, que mejoran la calidad [&hellip;]<\/p>\n","protected":false},"featured_media":823,"comment_status":"open","ping_status":"closed","template":"","meta":[],"product_brand":[],"product_cat":[38,31],"product_tag":[],"class_list":{"0":"post-822","1":"product","2":"type-product","3":"status-publish","4":"has-post-thumbnail","6":"product_cat-parlantes","7":"product_cat-tecnologia","9":"first","10":"instock","11":"shipping-taxable","12":"product-type-simple"},"aioseo_notices":[],"jetpack_sharing_enabled":true,"_links":{"self":[{"href":"https:\/\/disar-ec.com\/index.php\/wp-json\/wp\/v2\/product\/822","targetHints":{"allow":["GET"]}}],"collection":[{"href":"https:\/\/disar-ec.com\/index.php\/wp-json\/wp\/v2\/product"}],"about":[{"href":"https:\/\/disar-ec.com\/index.php\/wp-json\/wp\/v2\/types\/product"}],"replies":[{"embeddable":true,"href":"https:\/\/disar-ec.com\/index.php\/wp-json\/wp\/v2\/comments?post=822"}],"wp:featuredmedia":[{"embeddable":true,"href":"https:\/\/disar-ec.com\/index.php\/wp-json\/wp\/v2\/media\/823"}],"wp:attachment":[{"href":"https:\/\/disar-ec.com\/index.php\/wp-json\/wp\/v2\/media?parent=822"}],"wp:term":[{"taxonomy":"product_brand","embeddable":true,"href":"https:\/\/disar-ec.com\/index.php\/wp-json\/wp\/v2\/product_brand?post=822"},{"taxonomy":"product_cat","embeddable":true,"href":"https:\/\/disar-ec.com\/index.php\/wp-json\/wp\/v2\/product_cat?post=822"},{"taxonomy":"product_tag","embeddable":true,"href":"https:\/\/disar-ec.com\/index.php\/wp-json\/wp\/v2\/product_tag?post=822"}],"curies":[{"name":"wp","href":"https:\/\/api.w.org\/{rel}","templated":true}]}}