{"id":645,"date":"2025-12-30T16:44:00","date_gmt":"2025-12-30T21:44:00","guid":{"rendered":"https:\/\/disar-ec.com\/?post_type=product&#038;p=645"},"modified":"2026-01-09T17:30:16","modified_gmt":"2026-01-09T22:30:16","slug":"celular-redmi-15c-8gb-256gb","status":"publish","type":"product","link":"https:\/\/disar-ec.com\/index.php\/producto\/celular-redmi-15c-8gb-256gb\/","title":{"rendered":"CELULAR REDMI 15C 8GB + 256GB"},"content":{"rendered":"<p>Pantalla: 6.9\u2033, 720 x 1600 pixels<br \/>\nProcesador: MediaTek Helio G81<br \/>\nRAM: 8GB<br \/>\nAlmacenamiento: 256GB<br \/>\nExpansi\u00f3n: microSD<br \/>\nC\u00e1mara: 50MP<br \/>\nC\u00e1mara Frontal: 8MP<br \/>\nBater\u00eda: 6000 mAh<br \/>\nCarga r\u00e1pida: 33W<br \/>\nOS: Android 15<\/p>\n","protected":false},"excerpt":{"rendered":"<p>Pantalla: 6.9\u2033, 720 x 1600 pixels Procesador: MediaTek Helio G81 RAM: 8GB Almacenamiento: 256GB Expansi\u00f3n: microSD C\u00e1mara: 50MP C\u00e1mara Frontal: 8MP Bater\u00eda: 6000 mAh Carga r\u00e1pida: 33W OS: Android 15<\/p>\n","protected":false},"featured_media":705,"comment_status":"open","ping_status":"closed","template":"","meta":[],"product_brand":[],"product_cat":[40,31],"product_tag":[],"class_list":{"0":"post-645","1":"product","2":"type-product","3":"status-publish","4":"has-post-thumbnail","6":"product_cat-smartphones","7":"product_cat-tecnologia","9":"first","10":"instock","11":"shipping-taxable","12":"product-type-simple"},"aioseo_notices":[],"jetpack_sharing_enabled":true,"_links":{"self":[{"href":"https:\/\/disar-ec.com\/index.php\/wp-json\/wp\/v2\/product\/645","targetHints":{"allow":["GET"]}}],"collection":[{"href":"https:\/\/disar-ec.com\/index.php\/wp-json\/wp\/v2\/product"}],"about":[{"href":"https:\/\/disar-ec.com\/index.php\/wp-json\/wp\/v2\/types\/product"}],"replies":[{"embeddable":true,"href":"https:\/\/disar-ec.com\/index.php\/wp-json\/wp\/v2\/comments?post=645"}],"wp:featuredmedia":[{"embeddable":true,"href":"https:\/\/disar-ec.com\/index.php\/wp-json\/wp\/v2\/media\/705"}],"wp:attachment":[{"href":"https:\/\/disar-ec.com\/index.php\/wp-json\/wp\/v2\/media?parent=645"}],"wp:term":[{"taxonomy":"product_brand","embeddable":true,"href":"https:\/\/disar-ec.com\/index.php\/wp-json\/wp\/v2\/product_brand?post=645"},{"taxonomy":"product_cat","embeddable":true,"href":"https:\/\/disar-ec.com\/index.php\/wp-json\/wp\/v2\/product_cat?post=645"},{"taxonomy":"product_tag","embeddable":true,"href":"https:\/\/disar-ec.com\/index.php\/wp-json\/wp\/v2\/product_tag?post=645"}],"curies":[{"name":"wp","href":"https:\/\/api.w.org\/{rel}","templated":true}]}}