{"id":631,"date":"2025-12-26T13:37:27","date_gmt":"2025-12-26T18:37:27","guid":{"rendered":"https:\/\/disar-ec.com\/?post_type=product&#038;p=631"},"modified":"2025-12-26T13:37:27","modified_gmt":"2025-12-26T18:37:27","slug":"laptop-acer-al-15-41p-r27p","status":"publish","type":"product","link":"https:\/\/disar-ec.com\/index.php\/producto\/laptop-acer-al-15-41p-r27p\/","title":{"rendered":"LAPTOP ACER AL 15-41P-R27P"},"content":{"rendered":"<p>Procesador: AMD Ryzen 7 5700U<br \/>\nMemoria RAM: 16GB DDR4<br \/>\nDisco S\u00f3lido: 512GB SSD<br \/>\nPantalla: 14&#8243; Pulg FHD<br \/>\nSistema Operativo: Windows 11<br \/>\nAntivirus: Windows Defender<br \/>\nPuerto HDMI: S\u00ed<br \/>\nPuerto USB: S\u00ed<br \/>\nBluetooth: S\u00ed<br \/>\nWiFi: S\u00ed<\/p>\n","protected":false},"excerpt":{"rendered":"<p>Procesador: AMD Ryzen 7 5700U Memoria RAM: 16GB DDR4 Disco S\u00f3lido: 512GB SSD Pantalla: 14&#8243; Pulg FHD Sistema Operativo: Windows 11 Antivirus: Windows Defender Puerto HDMI: S\u00ed Puerto USB: S\u00ed Bluetooth: S\u00ed WiFi: S\u00ed<\/p>\n","protected":false},"featured_media":632,"comment_status":"open","ping_status":"closed","template":"","meta":[],"product_brand":[],"product_cat":[35,31],"product_tag":[],"class_list":{"0":"post-631","1":"product","2":"type-product","3":"status-publish","4":"has-post-thumbnail","6":"product_cat-laptops","7":"product_cat-tecnologia","9":"first","10":"instock","11":"shipping-taxable","12":"product-type-simple"},"aioseo_notices":[],"jetpack_sharing_enabled":true,"_links":{"self":[{"href":"https:\/\/disar-ec.com\/index.php\/wp-json\/wp\/v2\/product\/631","targetHints":{"allow":["GET"]}}],"collection":[{"href":"https:\/\/disar-ec.com\/index.php\/wp-json\/wp\/v2\/product"}],"about":[{"href":"https:\/\/disar-ec.com\/index.php\/wp-json\/wp\/v2\/types\/product"}],"replies":[{"embeddable":true,"href":"https:\/\/disar-ec.com\/index.php\/wp-json\/wp\/v2\/comments?post=631"}],"wp:featuredmedia":[{"embeddable":true,"href":"https:\/\/disar-ec.com\/index.php\/wp-json\/wp\/v2\/media\/632"}],"wp:attachment":[{"href":"https:\/\/disar-ec.com\/index.php\/wp-json\/wp\/v2\/media?parent=631"}],"wp:term":[{"taxonomy":"product_brand","embeddable":true,"href":"https:\/\/disar-ec.com\/index.php\/wp-json\/wp\/v2\/product_brand?post=631"},{"taxonomy":"product_cat","embeddable":true,"href":"https:\/\/disar-ec.com\/index.php\/wp-json\/wp\/v2\/product_cat?post=631"},{"taxonomy":"product_tag","embeddable":true,"href":"https:\/\/disar-ec.com\/index.php\/wp-json\/wp\/v2\/product_tag?post=631"}],"curies":[{"name":"wp","href":"https:\/\/api.w.org\/{rel}","templated":true}]}}