{"id":348,"date":"2023-08-18T14:22:25","date_gmt":"2023-08-18T14:22:25","guid":{"rendered":"https:\/\/disar-ec.com\/?post_type=product&#038;p=348"},"modified":"2023-08-18T14:22:25","modified_gmt":"2023-08-18T14:22:25","slug":"parlante-bazzuka-lb115","status":"publish","type":"product","link":"https:\/\/disar-ec.com\/index.php\/producto\/parlante-bazzuka-lb115\/","title":{"rendered":"Parlante Bazzuka LB115"},"content":{"rendered":"<p>&nbsp;<\/p>\n<table id=\"product-attribute-specs-table\" class=\"data table additional-attributes\">\n<tbody>\n<tr>\n<th class=\"col label\" scope=\"row\">Alto<\/th>\n<td class=\"col data\" data-th=\"Alto\">69 cm<\/td>\n<\/tr>\n<tr>\n<th class=\"col label\" scope=\"row\">Ancho<\/th>\n<td class=\"col data\" data-th=\"Ancho\">45 cm<\/td>\n<\/tr>\n<tr>\n<th class=\"col label\" scope=\"row\">Color<\/th>\n<td class=\"col data\" data-th=\"Color\">Negro<\/td>\n<\/tr>\n<tr>\n<th class=\"col label\" scope=\"row\">Profundidad<\/th>\n<td class=\"col data\" data-th=\"Profundidad\">40 cm<\/td>\n<\/tr>\n<tr>\n<th class=\"col label\" scope=\"row\">Bluetooth integrado<\/th>\n<td class=\"col data\" data-th=\"Bluetooth integrado\">S\u00ed<\/td>\n<\/tr>\n<tr>\n<th class=\"col label\" scope=\"row\">Entrada de audio<\/th>\n<td class=\"col data\" data-th=\"Entrada de audio\">RCA<\/td>\n<\/tr>\n<tr>\n<th class=\"col label\" scope=\"row\">Entradas USB<\/th>\n<td class=\"col data\" data-th=\"Entradas USB\">1<\/td>\n<\/tr>\n<tr>\n<th class=\"col label\" scope=\"row\">Lector tarjetas memorias SD<\/th>\n<td class=\"col data\" data-th=\"Lector tarjetas memorias SD\">S\u00ed<\/td>\n<\/tr>\n<tr>\n<th class=\"col label\" scope=\"row\">Impedancia<\/th>\n<td class=\"col data\" data-th=\"Impedancia\">4 oHm<\/td>\n<\/tr>\n<tr>\n<th class=\"col label\" scope=\"row\">Potencia<\/th>\n<td class=\"col data\" data-th=\"Potencia\">80000 W<\/td>\n<\/tr>\n<tr>\n<th class=\"col label\" scope=\"row\">Radio FM<\/th>\n<td class=\"col data\" data-th=\"Radio FM\">S\u00ed<\/p>\n<p>&nbsp;<\/td>\n<\/tr>\n<\/tbody>\n<\/table>\n<table id=\"product-attribute-specs-table\" class=\"data table additional-attributes\">\n<tbody>\n<tr>\n<th class=\"col label\" scope=\"row\">Marca<\/th>\n<td class=\"col data\" data-th=\"Marca\">Bazzuka<\/td>\n<\/tr>\n<tr>\n<th class=\"col label\" scope=\"row\">Modelo comercial<\/th>\n<td class=\"col data\" data-th=\"Modelo comercial\">BZK-115N<\/td>\n<\/tr>\n<tr>\n<th class=\"col label\" scope=\"row\">MPN<\/th>\n<td class=\"col data\" data-th=\"MPN\">BZK-115N<\/td>\n<\/tr>\n<tr>\n<th class=\"col label\" scope=\"row\">SKU<\/th>\n<td class=\"col data\" data-th=\"SKU\">103061<\/td>\n<\/tr>\n<tr>\n<th class=\"col label\" scope=\"row\">Tipo de producto<\/th>\n<td class=\"col data\" data-th=\"Tipo de producto\">Parlante<\/td>\n<\/tr>\n<\/tbody>\n<\/table>\n","protected":false},"excerpt":{"rendered":"<p>&nbsp; Alto 69 cm Ancho 45 cm Color Negro Profundidad 40 cm Bluetooth integrado S\u00ed Entrada de audio RCA Entradas USB 1 Lector tarjetas memorias SD S\u00ed Impedancia 4 oHm Potencia 80000 W Radio FM S\u00ed &nbsp; Marca Bazzuka Modelo comercial BZK-115N MPN BZK-115N SKU 103061 Tipo de producto Parlante<\/p>\n","protected":false},"featured_media":349,"comment_status":"open","ping_status":"closed","template":"","meta":[],"product_brand":[],"product_cat":[16],"product_tag":[],"class_list":{"0":"post-348","1":"product","2":"type-product","3":"status-publish","4":"has-post-thumbnail","6":"product_cat-sin-categorizar","8":"first","9":"instock","10":"shipping-taxable","11":"product-type-simple"},"aioseo_notices":[],"jetpack_sharing_enabled":true,"_links":{"self":[{"href":"https:\/\/disar-ec.com\/index.php\/wp-json\/wp\/v2\/product\/348","targetHints":{"allow":["GET"]}}],"collection":[{"href":"https:\/\/disar-ec.com\/index.php\/wp-json\/wp\/v2\/product"}],"about":[{"href":"https:\/\/disar-ec.com\/index.php\/wp-json\/wp\/v2\/types\/product"}],"replies":[{"embeddable":true,"href":"https:\/\/disar-ec.com\/index.php\/wp-json\/wp\/v2\/comments?post=348"}],"wp:featuredmedia":[{"embeddable":true,"href":"https:\/\/disar-ec.com\/index.php\/wp-json\/wp\/v2\/media\/349"}],"wp:attachment":[{"href":"https:\/\/disar-ec.com\/index.php\/wp-json\/wp\/v2\/media?parent=348"}],"wp:term":[{"taxonomy":"product_brand","embeddable":true,"href":"https:\/\/disar-ec.com\/index.php\/wp-json\/wp\/v2\/product_brand?post=348"},{"taxonomy":"product_cat","embeddable":true,"href":"https:\/\/disar-ec.com\/index.php\/wp-json\/wp\/v2\/product_cat?post=348"},{"taxonomy":"product_tag","embeddable":true,"href":"https:\/\/disar-ec.com\/index.php\/wp-json\/wp\/v2\/product_tag?post=348"}],"curies":[{"name":"wp","href":"https:\/\/api.w.org\/{rel}","templated":true}]}}