{"id":327,"date":"2023-07-25T15:35:13","date_gmt":"2023-07-25T15:35:13","guid":{"rendered":"https:\/\/disar-ec.com\/?post_type=product&#038;p=327"},"modified":"2023-07-25T15:35:13","modified_gmt":"2023-07-25T15:35:13","slug":"impresora-brother-720","status":"publish","type":"product","link":"https:\/\/disar-ec.com\/index.php\/producto\/impresora-brother-720\/","title":{"rendered":"Impresora Brother 720"},"content":{"rendered":"<ul>\n<li>Bajo costo de impresi\u00f3n con las 2 botellas de tinta negra de ultra alto rendimiento incluidas, con un total de hasta 15.000 p\u00e1ginas, y con las botellas de tinta a color de hasta 5.000 p\u00e1ginas.\u2021<\/li>\n<li><b><\/b>Impresi\u00f3n de alta calidad en negro y colores v\u00edvidos para documentos y fotograf\u00edas sin bordes en una resoluci\u00f3n de hasta 6.000 x 1.200 dpi.\u2021<\/li>\n<li><b><\/b>Velocidades de impresi\u00f3n r\u00e1pidas de hasta 30 ppm en negro y 26 ppm a color (MODO ECO) y hasta 17 ipm en negro y 16 ipm a color (ISO\/IEC 24734).\u2021<\/li>\n<li><b><\/b>Wi-Fi Direct\u00ae, conectividad inal\u00e1mbrica e impresi\u00f3n y escaneado m\u00f3vil para trabajar con flexibilidad mediante computadoras, port\u00e1tiles, smartphones o tablets.\u2021<\/li>\n<\/ul>\n","protected":false},"excerpt":{"rendered":"<p>Bajo costo de impresi\u00f3n con las 2 botellas de tinta negra de ultra alto rendimiento incluidas, con un total de hasta 15.000 p\u00e1ginas, y con las botellas de tinta a color de hasta 5.000 p\u00e1ginas.\u2021 Impresi\u00f3n de alta calidad en negro y colores v\u00edvidos para documentos y fotograf\u00edas sin bordes en una resoluci\u00f3n de hasta [&hellip;]<\/p>\n","protected":false},"featured_media":328,"comment_status":"open","ping_status":"closed","template":"","meta":[],"product_brand":[],"product_cat":[31],"product_tag":[],"class_list":{"0":"post-327","1":"product","2":"type-product","3":"status-publish","4":"has-post-thumbnail","6":"product_cat-tecnologia","8":"first","9":"instock","10":"shipping-taxable","11":"product-type-simple"},"aioseo_notices":[],"jetpack_sharing_enabled":true,"_links":{"self":[{"href":"https:\/\/disar-ec.com\/index.php\/wp-json\/wp\/v2\/product\/327","targetHints":{"allow":["GET"]}}],"collection":[{"href":"https:\/\/disar-ec.com\/index.php\/wp-json\/wp\/v2\/product"}],"about":[{"href":"https:\/\/disar-ec.com\/index.php\/wp-json\/wp\/v2\/types\/product"}],"replies":[{"embeddable":true,"href":"https:\/\/disar-ec.com\/index.php\/wp-json\/wp\/v2\/comments?post=327"}],"wp:featuredmedia":[{"embeddable":true,"href":"https:\/\/disar-ec.com\/index.php\/wp-json\/wp\/v2\/media\/328"}],"wp:attachment":[{"href":"https:\/\/disar-ec.com\/index.php\/wp-json\/wp\/v2\/media?parent=327"}],"wp:term":[{"taxonomy":"product_brand","embeddable":true,"href":"https:\/\/disar-ec.com\/index.php\/wp-json\/wp\/v2\/product_brand?post=327"},{"taxonomy":"product_cat","embeddable":true,"href":"https:\/\/disar-ec.com\/index.php\/wp-json\/wp\/v2\/product_cat?post=327"},{"taxonomy":"product_tag","embeddable":true,"href":"https:\/\/disar-ec.com\/index.php\/wp-json\/wp\/v2\/product_tag?post=327"}],"curies":[{"name":"wp","href":"https:\/\/api.w.org\/{rel}","templated":true}]}}