{"id":248,"date":"2023-07-13T16:17:36","date_gmt":"2023-07-13T16:17:36","guid":{"rendered":"https:\/\/disar-ec.com\/?post_type=product&#038;p=248"},"modified":"2023-07-17T14:07:36","modified_gmt":"2023-07-17T14:07:36","slug":"microfono-bazzuka-m203w","status":"publish","type":"product","link":"https:\/\/disar-ec.com\/index.php\/producto\/microfono-bazzuka-m203w\/","title":{"rendered":"Micr\u00f3fono Bazzuka M203W"},"content":{"rendered":"<table class=\"group Caracteristicas-Generales\" cellspacing=\"0\">\n<tbody>\n<tr class=\"even\">\n<th class=\"name-field Numero-de-Microfonos\">N\u00famero de Micr\u00f3fonos<\/th>\n<td class=\"value-field Numero-de-Microfonos\">2<\/td>\n<\/tr>\n<tr>\n<th class=\"name-field Bateria-de-Microfono\">Bater\u00eda de Micr\u00f3fono<\/th>\n<td class=\"value-field Bateria-de-Microfono\">3V (2XAA)<\/td>\n<\/tr>\n<tr class=\"even\">\n<th class=\"name-field Temperatura-de-operacion\">Temperatura de operaci\u00f3n<\/th>\n<td class=\"value-field Temperatura-de-operacion\">-10\u00b0 C \u2013 50\u00b0 C<\/td>\n<\/tr>\n<tr>\n<th class=\"name-field Poder-de-transmision\">Poder de transmisi\u00f3n<\/th>\n<td class=\"value-field Poder-de-transmision\">10dBm<\/td>\n<\/tr>\n<tr class=\"even\">\n<th class=\"name-field Dimensiones-ALxANxPR-con-caja\">Dimensiones (ALxANxPR) con caja<\/th>\n<td class=\"value-field Dimensiones-ALxANxPR-con-caja\">13,5 x 52,5 x 33<\/td>\n<\/tr>\n<tr>\n<th class=\"name-field Peso-Bruto\">Peso Bruto<\/th>\n<td class=\"value-field Peso-Bruto\">1,7 Kg<\/td>\n<\/tr>\n<tr class=\"even\">\n<th class=\"name-field Nivel-maximo-de-entrada\">Nivel m\u00e1ximo de entrada<\/th>\n<td class=\"value-field Nivel-maximo-de-entrada\">0dVB<\/td>\n<\/tr>\n<tr>\n<th class=\"name-field Banda\">Banda<\/th>\n<td class=\"value-field Banda\">UHF Doble Canal<\/td>\n<\/tr>\n<tr class=\"even\">\n<th class=\"name-field Tiempo-Bateria\">Tiempo Bater\u00eda<\/th>\n<td class=\"value-field Tiempo-Bateria\">&gt; 6 horas<\/td>\n<\/tr>\n<\/tbody>\n<\/table>\n","protected":false},"excerpt":{"rendered":"<p>N\u00famero de Micr\u00f3fonos 2 Bater\u00eda de Micr\u00f3fono 3V (2XAA) Temperatura de operaci\u00f3n -10\u00b0 C \u2013 50\u00b0 C Poder de transmisi\u00f3n 10dBm Dimensiones (ALxANxPR) con caja 13,5 x 52,5 x 33 Peso Bruto 1,7 Kg Nivel m\u00e1ximo de entrada 0dVB Banda UHF Doble Canal Tiempo Bater\u00eda &gt; 6 horas<\/p>\n","protected":false},"featured_media":249,"comment_status":"open","ping_status":"closed","template":"","meta":[],"product_brand":[],"product_cat":[31],"product_tag":[],"class_list":{"0":"post-248","1":"product","2":"type-product","3":"status-publish","4":"has-post-thumbnail","6":"product_cat-tecnologia","8":"first","9":"instock","10":"shipping-taxable","11":"product-type-simple"},"aioseo_notices":[],"jetpack_sharing_enabled":true,"_links":{"self":[{"href":"https:\/\/disar-ec.com\/index.php\/wp-json\/wp\/v2\/product\/248","targetHints":{"allow":["GET"]}}],"collection":[{"href":"https:\/\/disar-ec.com\/index.php\/wp-json\/wp\/v2\/product"}],"about":[{"href":"https:\/\/disar-ec.com\/index.php\/wp-json\/wp\/v2\/types\/product"}],"replies":[{"embeddable":true,"href":"https:\/\/disar-ec.com\/index.php\/wp-json\/wp\/v2\/comments?post=248"}],"wp:featuredmedia":[{"embeddable":true,"href":"https:\/\/disar-ec.com\/index.php\/wp-json\/wp\/v2\/media\/249"}],"wp:attachment":[{"href":"https:\/\/disar-ec.com\/index.php\/wp-json\/wp\/v2\/media?parent=248"}],"wp:term":[{"taxonomy":"product_brand","embeddable":true,"href":"https:\/\/disar-ec.com\/index.php\/wp-json\/wp\/v2\/product_brand?post=248"},{"taxonomy":"product_cat","embeddable":true,"href":"https:\/\/disar-ec.com\/index.php\/wp-json\/wp\/v2\/product_cat?post=248"},{"taxonomy":"product_tag","embeddable":true,"href":"https:\/\/disar-ec.com\/index.php\/wp-json\/wp\/v2\/product_tag?post=248"}],"curies":[{"name":"wp","href":"https:\/\/api.w.org\/{rel}","templated":true}]}}