{"id":176,"date":"2023-07-07T18:00:31","date_gmt":"2023-07-07T18:00:31","guid":{"rendered":"https:\/\/disar-ec.com\/?post_type=product&#038;p=176"},"modified":"2023-07-25T17:45:12","modified_gmt":"2023-07-25T17:45:12","slug":"ollas-kaisa-villa-mango-grueso","status":"publish","type":"product","link":"https:\/\/disar-ec.com\/index.php\/producto\/ollas-kaisa-villa-mango-grueso\/","title":{"rendered":"Ollas Kaisa Villa mango grueso"},"content":{"rendered":"<ul class=\"a-unordered-list a-vertical a-spacing-mini\">\n<li class=\"a-spacing-mini\"><span class=\"a-list-item\">Material de alta calidad: acabado profesional de grado alimenticio y artesan\u00eda de acero inoxidable. Cada superficie expuesta al agua y las part\u00edculas de alimentos est\u00e1 certificada como segura de grado alimenticio. Libre de PFOA, PFAS, plomo o cadmio, la superficie de cocci\u00f3n pulida nunca se oxida y reacciona con los alimentos o altera los sabores.<\/span><\/li>\n<li class=\"a-spacing-mini\"><span class=\"a-list-item\">Juego de utensilios de cocina profesionales: el juego de utensilios de cocina no tiene remaches para evitar enganches y acumulaci\u00f3n de alimentos. Fijado permanentemente con remaches de acero inoxidable. Las asas tienen agujeros para colgar para un almacenamiento alternativo. Funciona en: inducci\u00f3n, estufa de gas, estufa el\u00e9ctrica. Apto para lavavajillas.<\/span><\/li>\n<li class=\"a-spacing-mini\"><span class=\"a-list-item\">Mango y tapa antideslizante: el c\u00f3modo mango de tacto fresco es f\u00e1cil de sostener y agarrar y hace que servir sea seguro y f\u00e1cil. Mango antideslizante, resistente al calor y c\u00f3modo, recubierto con pintura de alta temperatura, no se decolora, f\u00e1cil de limpiar. Las asas de acero inoxidable se mantienen frescas y duraderas.<\/span><\/li>\n<li class=\"a-spacing-mini\"><span class=\"a-list-item\">Capacidad y juegos: y el juego de 7 utensilios de cocina: olla de 1.59 cuartos (1.5 litros), 2.11 cuartos (2 litros) y 4.23 cuartos (4 litros) con tapa de acero inoxidable, cacerola de 1.07 cuartos (1 litro). La tapa de acero inoxidable de ajuste seguro ayuda a atrapar el calor, la humedad y los nutrientes.<\/span><\/li>\n<\/ul>\n","protected":false},"excerpt":{"rendered":"<p>Material de alta calidad: acabado profesional de grado alimenticio y artesan\u00eda de acero inoxidable. Cada superficie expuesta al agua y las part\u00edculas de alimentos est\u00e1 certificada como segura de grado alimenticio. Libre de PFOA, PFAS, plomo o cadmio, la superficie de cocci\u00f3n pulida nunca se oxida y reacciona con los alimentos o altera los sabores. [&hellip;]<\/p>\n","protected":false},"featured_media":177,"comment_status":"open","ping_status":"closed","template":"","meta":[],"product_brand":[],"product_cat":[22],"product_tag":[],"class_list":{"0":"post-176","1":"product","2":"type-product","3":"status-publish","4":"has-post-thumbnail","6":"product_cat-electrocomesticos","8":"first","9":"instock","10":"shipping-taxable","11":"product-type-simple"},"aioseo_notices":[],"jetpack_sharing_enabled":true,"_links":{"self":[{"href":"https:\/\/disar-ec.com\/index.php\/wp-json\/wp\/v2\/product\/176","targetHints":{"allow":["GET"]}}],"collection":[{"href":"https:\/\/disar-ec.com\/index.php\/wp-json\/wp\/v2\/product"}],"about":[{"href":"https:\/\/disar-ec.com\/index.php\/wp-json\/wp\/v2\/types\/product"}],"replies":[{"embeddable":true,"href":"https:\/\/disar-ec.com\/index.php\/wp-json\/wp\/v2\/comments?post=176"}],"wp:featuredmedia":[{"embeddable":true,"href":"https:\/\/disar-ec.com\/index.php\/wp-json\/wp\/v2\/media\/177"}],"wp:attachment":[{"href":"https:\/\/disar-ec.com\/index.php\/wp-json\/wp\/v2\/media?parent=176"}],"wp:term":[{"taxonomy":"product_brand","embeddable":true,"href":"https:\/\/disar-ec.com\/index.php\/wp-json\/wp\/v2\/product_brand?post=176"},{"taxonomy":"product_cat","embeddable":true,"href":"https:\/\/disar-ec.com\/index.php\/wp-json\/wp\/v2\/product_cat?post=176"},{"taxonomy":"product_tag","embeddable":true,"href":"https:\/\/disar-ec.com\/index.php\/wp-json\/wp\/v2\/product_tag?post=176"}],"curies":[{"name":"wp","href":"https:\/\/api.w.org\/{rel}","templated":true}]}}