{"id":172,"date":"2023-07-03T17:22:53","date_gmt":"2023-07-03T17:22:53","guid":{"rendered":"https:\/\/disar-ec.com\/?post_type=product&#038;p=172"},"modified":"2023-07-07T20:40:11","modified_gmt":"2023-07-07T20:40:11","slug":"laptop-acer-aspire-3-i3","status":"publish","type":"product","link":"https:\/\/disar-ec.com\/index.php\/producto\/laptop-acer-aspire-3-i3\/","title":{"rendered":"Laptop Acer Aspire 3 i3"},"content":{"rendered":"<p>La computadora port\u00e1til Acer Aspire A315 es un modelo econ\u00f3mico de computadora port\u00e1til de oficina que vale la pena poseer por parte de estudiantes y usuarios de oficina. Con un precio inferior, este modelo de port\u00e1til Acer est\u00e1 totalmente equipado desde el dise\u00f1o hasta la configuraci\u00f3n para que los usuarios obtengan la mejor experiencia. Esta laptop Acer Aspire tiene un dise\u00f1o lujoso, una pantalla extremadamente n\u00edtida y un potente chip Intel de 11.<\/p>\n","protected":false},"excerpt":{"rendered":"<p>La computadora port\u00e1til Acer Aspire A315 es un modelo econ\u00f3mico de computadora port\u00e1til de oficina que vale la pena poseer por parte de estudiantes y usuarios de oficina. Con un precio inferior, este modelo de port\u00e1til Acer est\u00e1 totalmente equipado desde el dise\u00f1o hasta la configuraci\u00f3n para que los usuarios obtengan la mejor experiencia. Esta [&hellip;]<\/p>\n","protected":false},"featured_media":173,"comment_status":"open","ping_status":"closed","template":"","meta":[],"product_brand":[],"product_cat":[31],"product_tag":[],"class_list":{"0":"post-172","1":"product","2":"type-product","3":"status-publish","4":"has-post-thumbnail","6":"product_cat-tecnologia","8":"first","9":"instock","10":"shipping-taxable","11":"product-type-simple"},"aioseo_notices":[],"jetpack_sharing_enabled":true,"_links":{"self":[{"href":"https:\/\/disar-ec.com\/index.php\/wp-json\/wp\/v2\/product\/172","targetHints":{"allow":["GET"]}}],"collection":[{"href":"https:\/\/disar-ec.com\/index.php\/wp-json\/wp\/v2\/product"}],"about":[{"href":"https:\/\/disar-ec.com\/index.php\/wp-json\/wp\/v2\/types\/product"}],"replies":[{"embeddable":true,"href":"https:\/\/disar-ec.com\/index.php\/wp-json\/wp\/v2\/comments?post=172"}],"wp:featuredmedia":[{"embeddable":true,"href":"https:\/\/disar-ec.com\/index.php\/wp-json\/wp\/v2\/media\/173"}],"wp:attachment":[{"href":"https:\/\/disar-ec.com\/index.php\/wp-json\/wp\/v2\/media?parent=172"}],"wp:term":[{"taxonomy":"product_brand","embeddable":true,"href":"https:\/\/disar-ec.com\/index.php\/wp-json\/wp\/v2\/product_brand?post=172"},{"taxonomy":"product_cat","embeddable":true,"href":"https:\/\/disar-ec.com\/index.php\/wp-json\/wp\/v2\/product_cat?post=172"},{"taxonomy":"product_tag","embeddable":true,"href":"https:\/\/disar-ec.com\/index.php\/wp-json\/wp\/v2\/product_tag?post=172"}],"curies":[{"name":"wp","href":"https:\/\/api.w.org\/{rel}","templated":true}]}}