{"id":101,"date":"2023-06-23T15:11:50","date_gmt":"2023-06-23T15:11:50","guid":{"rendered":"https:\/\/disar-ec.com\/?post_type=product&#038;p=101"},"modified":"2023-06-26T15:38:18","modified_gmt":"2023-06-26T15:38:18","slug":"aire-acondicionado-longtime","status":"publish","type":"product","link":"https:\/\/disar-ec.com\/index.php\/producto\/aire-acondicionado-longtime\/","title":{"rendered":"Aire acondicionado longtime"},"content":{"rendered":"<p>&#8211; Alta eficiencia energ\u00e9tica : ahorra hasta 50% de energ\u00eda<br \/>\n&#8211; Tecnolog\u00eda Ecofriendly<br \/>\n&#8211; Funci\u00f3n Termodin\u00e1mica atractiva<br \/>\n&#8211; Doble filtro para mayor eficiencia<br \/>\n&#8211; Anticorrosivo GOLFI<br \/>\n&#8211; Funciones innovadoras: Trubo, Swing, Deshum, Timer, Sleep, entre otras.<br \/>\n&#8211; Capacidad de 12.000 BTU<\/p>\n","protected":false},"excerpt":{"rendered":"<p>&#8211; Alta eficiencia energ\u00e9tica : ahorra hasta 50% de energ\u00eda &#8211; Tecnolog\u00eda Ecofriendly &#8211; Funci\u00f3n Termodin\u00e1mica atractiva &#8211; Doble filtro para mayor eficiencia &#8211; Anticorrosivo GOLFI &#8211; Funciones innovadoras: Trubo, Swing, Deshum, Timer, Sleep, entre otras. &#8211; Capacidad de 12.000 BTU<\/p>\n","protected":false},"featured_media":103,"comment_status":"open","ping_status":"closed","template":"","meta":[],"product_brand":[],"product_cat":[22],"product_tag":[],"class_list":{"0":"post-101","1":"product","2":"type-product","3":"status-publish","4":"has-post-thumbnail","6":"product_cat-electrocomesticos","8":"first","9":"instock","10":"shipping-taxable","11":"product-type-simple"},"aioseo_notices":[],"jetpack_sharing_enabled":true,"_links":{"self":[{"href":"https:\/\/disar-ec.com\/index.php\/wp-json\/wp\/v2\/product\/101","targetHints":{"allow":["GET"]}}],"collection":[{"href":"https:\/\/disar-ec.com\/index.php\/wp-json\/wp\/v2\/product"}],"about":[{"href":"https:\/\/disar-ec.com\/index.php\/wp-json\/wp\/v2\/types\/product"}],"replies":[{"embeddable":true,"href":"https:\/\/disar-ec.com\/index.php\/wp-json\/wp\/v2\/comments?post=101"}],"wp:featuredmedia":[{"embeddable":true,"href":"https:\/\/disar-ec.com\/index.php\/wp-json\/wp\/v2\/media\/103"}],"wp:attachment":[{"href":"https:\/\/disar-ec.com\/index.php\/wp-json\/wp\/v2\/media?parent=101"}],"wp:term":[{"taxonomy":"product_brand","embeddable":true,"href":"https:\/\/disar-ec.com\/index.php\/wp-json\/wp\/v2\/product_brand?post=101"},{"taxonomy":"product_cat","embeddable":true,"href":"https:\/\/disar-ec.com\/index.php\/wp-json\/wp\/v2\/product_cat?post=101"},{"taxonomy":"product_tag","embeddable":true,"href":"https:\/\/disar-ec.com\/index.php\/wp-json\/wp\/v2\/product_tag?post=101"}],"curies":[{"name":"wp","href":"https:\/\/api.w.org\/{rel}","templated":true}]}}